rime factors of 1275.
3, 5, 17
What are the prime factors of 3040?
2, 5, 19
List the prime factors of 156272.
2, 9767
List the prime factors of 6309.
3, 701
List the prime factors of 29297.
29297
What are the prime factors of 1551?
3, 11, 47
List the prime factors of 22364.
2, 5591
List the prime factors of 55132.
2, 7, 11, 179
List the prime factors of 8558.
2, 11, 389
What are the prime factors of 3182?
2, 37, 43
List the prime factors of 128049.
3, 42683
What are the prime factors of 1495?
5, 13, 23
List the prime factors of 7303.
67, 109
List the prime factors of 33484.
2, 11, 761
What are the prime factors of 2863?
7, 409
What are the prime factors of 4287?
3, 1429
List the prime factors of 2849.
7, 11, 37
What are the prime factors of 5063?
61, 83
What are the prime factors of 1071?
3, 7, 17
What are the prime factors of 850?
2, 5, 17
List the prime factors of 1388.
2, 347
What are the prime factors of 42391?
42391
What are the prime factors of 31429?
53, 593
What are the prime factors of 1189?
29, 41
List the prime factors of 52.
2, 13
List the prime factors of 5934.
2, 3, 23, 43
What are the prime factors of 1080?
2, 3, 5
What are the prime factors of 6519?
3, 41, 53
List the prime factors of 1084.
2, 271
What are the prime factors of 1873?
1873
What are the prime factors of 24306?
2, 3, 4051
What are the prime factors of 5625?
3, 5
What are the prime factors of 8883?
3, 7, 47
What are the prime factors of 824?
2, 103
What are the prime factors of 850?
2, 5, 17
List the prime factors of 2413.
19, 127
List the prime factors of 634.
2, 317
What are the prime factors of 18361?
7, 43, 61
What are the prime factors of 4410?
2, 3, 5, 7
List the prime factors of 296.
2, 37
List the prime factors of 17368.
2, 13, 167
List the prime factors of 164122.
2, 7, 19, 617
What are the prime factors of 8560?
2, 5, 107
List the prime factors of 12722.
2, 6361
What are the prime factors of 9361?
11, 23, 37
List the prime factors of 5290.
2, 5, 23
List the prime factors of 3690.
2, 3, 5, 41
List the prime factors of 1024.
2
What are the prime factors of 11121?
3, 11, 337
List the prime factors of 813.
3, 271
List the prime factors of 240.
2, 3, 5
What are the prime factors of 1421?
7, 29
What are the prime factors of 27435?
3, 5, 31, 59
List the prime factors of 124948.
2, 31237
List the prime factors of 15402.
2, 3, 17, 151
List the prime factors of 4265.
5, 853
What are the prime factors of 12131?
7, 1733
List the prime factors of 15951.
3, 13, 409
List the prime factors of 15395.
5, 3079
What are the prime factors of 611?
13, 47
What are the prime factors of 456?
2, 3, 19
List the prime factors of 3987.
3, 443
List the prime factors of 102119.
17, 6007
List the prime factors of 6868.
2, 17, 101
List the prime factors of 1668.
2, 3, 139
List the prime factors of 37451.
17, 2203
What are the prime factors of 7171?
71, 101
What are the prime factors of 2695?
5, 7, 11
What are the prime factors of 1448?
2, 181
List the prime factors of 46647.
3, 71, 73
List the prime factors of 367.
367
List the prime factors of 22320.
2, 3, 5, 31
What are the prime factors of 5221?
23, 227
What are the prime factors of 309?
3, 103
What are the prime factors of 2578?
2, 1289
List the prime factors of 15180.
2, 3, 5, 11, 23
List the prime factors of 886.
2, 443
What are the prime factors of 25725?
3, 5, 7
What are the prime factors of 70118?
2, 35059
List the prime factors of 1642.
2, 821
List the prime factors of 4722.
2, 3, 787
What are the prime factors of 15860?
2, 5, 13, 61
List the prime factors of 3903.
3, 1301
What are the prime factors of 2124?
2, 3, 59
What are the prime factors of 2376?
2, 3, 11
List the prime factors of 53187.
3, 17729
List the prime factors of 154139.
17, 9067
List the prime factors of 372.
2, 3, 31
What are the prime factors of 11525?
5, 461
What are the prime factors of 371?
7, 53
What are the prime factors of 14054?
2, 7027
List the prime factors of 4747.
47, 101
What are the prime factors of 1320?
2, 3, 5, 11
List the prime factors of 1407.
3, 7, 67
What are the prime factors of 553?
7, 79
List the prime factors of 2031.
3, 677
What are the prime factors of 1983?
3, 661
List the prime factors of 2856.
2, 3, 7, 17
What are the prime factors of 69610?
2, 5, 6961
What are the prime factors of 3957?
3, 1319
What are the prime factors of 1821?
3, 607
List the prime factors of 32222.
2, 16111
List the prime factors of 3960.
2, 3, 5, 11
List the prime factors of 23731.
19, 1249
What are the prime factors of 1951?
1951
List the prime factors of 2381.
2381
List the prime factors of 1025.
5, 41
What are the prime factors of 33073?
33073
List the prime factors of 2258.
2, 1129
What are the prime factors of 106?
2, 53
List the prime factors of 85362.
2, 3, 41, 347
What are the prime factors of 4675?
5, 11, 17
What are the prime factors of 404?
2, 101
List the prime factors of 9229.
11, 839
List the prime factors of 143872.
2, 281
What are the prime factors of 980?
2, 5, 7
List the prime factors of 39056.
2, 2441
List the prime factors of 6399.
3, 79
List the prime factors of 2426.
2, 1213
List the prime factors of 15414.
2, 3, 7, 367
What are the prime factors of 1307?
1307
List the prime factors of 546.
2, 3, 7, 13
List the prime factors of 5642.
2, 7, 13, 31
What are the prime factors of 505?
5, 101
What are the prime factors of 108838?
2, 54419
What are the prime factors of 21866?
2, 13, 29
What are the prime factors of 698?
2, 349
What are the prime factors of 3563?
7, 509
List the prime factors of 35235.
3, 5, 29
List the prime factors of 9531.
3, 353
List the prime factors of 1462.
2, 17, 43
What are the prime factors of 5097?
3, 1699
List the prime factors of 10332.
2, 3, 7, 41
List the prime factors of 87800.
2, 5, 439
List the prime factors of 50855.
5, 7, 1453
What are the prime factors of 7322?
2, 7, 523
What are the prime factors of 9785?
5, 19, 103
What are the prime factors of 869?
11, 79
What are the prime factors of 52815?
3, 5, 7, 503
List the prime factors of 116961.
3, 13, 2999
What are the prime factors of 8310?
2, 3, 5, 277
List the prime factors of 14776.
2, 1847
What are the prime factors of 12663?
3, 7, 67
List the prime factors of 76590.
2, 3, 5, 23, 37
List the prime factors of 96485.
5, 23, 839
List the prime factors of 14803.
113, 131
List the prime factors of 178.
2, 89
What are the prime factors of 215?
5, 43
What are the prime factors of 1786?
2, 19, 47
List the prime factors of 3047.
11, 277
What are the prime factors of 14587?
29, 503
What are the prime factors of 1355?
5, 271
What are the prime factors of 433?
433
List the prime factors of 899.
29, 31
List the prime factors of 37457.
7, 5351
What are the prime factors of 31217?
19, 31, 53
What are the prime factors of 71200?
2, 5, 89
List the prime factors of 169.
13
What are the prime factors of 23973?
3, 61, 131
List the prime factors of 24097.
24097
List the prime factors of 4920.
2, 3, 5, 41
What are the prime factors of 14302?
2, 7151
What are the prime factors of 1617?
3, 7, 11
List the prime factors of 13165.
5, 2633
What are the prime factors of 4470?
2, 3, 5, 149
List the prime factors of 791.
7, 113
List the prime factors of 21559.
21559
List the prime factors of 565.
5, 113
List the prime factors of 31.
31
List the prime factors of 8727.
3, 2909
List the prime factors of 20708.
2, 31, 167
What are the prime factors of 26728?
2, 13, 257
What are the prime factors of 26817?
3, 7, 1277
What are the prime factors of 373?
373
List the prime factors of 102970.
2, 5, 7, 1471
List the prime factors of 168.
2, 3, 7
List the prime factors of 30333.
3, 10111
List the prime factors of 906.
2, 3, 151
List the prime factors of 763.
7, 109
What are the prime factors of 533?
13, 41
What are the prime factors of 6448?
2, 13, 31
What are the prime factors of 27519?
3, 9173
What are the prime factors of 29337?
3, 7, 11, 127
List the prime factors of 6013.
7, 859
List the prime factors of 5466.
2, 3, 911
What are the prime factors of 16096?
2, 503
What are the prime factors of 132385?
5, 11, 29, 83
What are the prime factors of 9298?
2, 4649
List the prime factors of 1871.
1871
List the prime factors of 1494.
2, 3, 83
What are the prime factors of 1896?
2, 3, 79
What are t